763 a composite number?
False
Is 24589 prime?
False
Is 377167 a composite number?
True
Is 1467535 composite?
True
Is 923 a prime number?
False
Is 13411 a prime number?
True
Is 15619 a prime number?
True
Is 3313 composite?
False
Is 957091 a composite number?
False
Is 69463 composite?
False
Is 17455 a composite number?
True
Is 27941 prime?
True
Is 48109 composite?
False
Is 142691 prime?
False
Is 9073 prime?
False
Is 125513 a composite number?
True
Is 47263 prime?
False
Is 1117745 prime?
False
Is 38901 prime?
False
Is 3877 a prime number?
True
Is 57053 prime?
False
Is 53683 composite?
True
Is 307009 prime?
True
Is 51383 prime?
True
Is 1841 a prime number?
False
Is 3919 a prime number?
True
Is 4117 prime?
False
Is 6051 a prime number?
False
Is 4181 a prime number?
False
Is 10123 prime?
False
Is 804443 composite?
False
Is 86639 composite?
True
Is 11729 composite?
True
Is 6421 prime?
True
Is 7691 composite?
False
Is 19841 a composite number?
False
Is 102761 prime?
True
Is 2896207 prime?
True
Is 192461 prime?
True
Is 4183 a prime number?
False
Is 13171 prime?
True
Is 11369 a prime number?
True
Is 1367 composite?
False
Is 19831 composite?
True
Is 9601 a prime number?
True
Is 839 prime?
True
Is 26489 composite?
False
Is 54437 composite?
False
Is 466307 a composite number?
True
Is 144289 prime?
True
Is 59263 a prime number?
True
Is 153841 prime?
True
Is 515 prime?
False
Is 94249 prime?
False
Is 2592611 a prime number?
False
Is 90847 composite?
False
Is 95371 prime?
False
Is 104459 composite?
False
Is 9409 a prime number?
False
Is 2647 prime?
True
Is 96146 composite?
True
Is 156109 a prime number?
True
Is 27329 a prime number?
True
Is 215239 prime?
True
Is 279857 composite?
False
Is 7283 composite?
False
Is 43573 composite?
False
Is 643151 prime?
False
Is 9029 a prime number?
True
Is 260111 prime?
True
Is 11567 a composite number?
True
Is 87271 a composite number?
True
Is 3635 a prime number?
False
Is 10639 prime?
True
Is 1087231 a composite number?
False
Is 395159 prime?
True
Is 340321 prime?
True
Is 53353 prime?
True
Is 2411 composite?
False
Is 77449 a composite number?
True
Is 579067 a composite number?
True
Is 53773 composite?
False
Is 123191 prime?
True
Is 216319 a prime number?
True
Is 254 a composite number?
True
Is 75853 a composite number?
False
Is 17077 composite?
False
Is 56311 a prime number?
True
Is 115 a composite number?
True
Is 73937 composite?
True
Is 336695 a composite number?
True
Is 5131 a composite number?
True
Is 21881 a composite number?
False
Is 54958 a prime number?
False
Is 192571 composite?
False
Is 812323 prime?
False
Is 3597665 composite?
True
Is 699733 prime?
True
Is 58471 a prime number?
False
Is 319 prime?
False
Is 45601 a prime number?
False
Is 24029 prime?
True
Is 7603 a composite number?
False
Is 6259 a prime number?
False
Is 452243 a composite number?
True
Is 179039 prime?
False
Is 132017 composite?
True
Is 199337 prime?
True
Is 31039 a composite number?
False
Is 14051 composite?
False
Is 7321 composite?
False
Is 1600691 a prime number?
True
Is 3277 a prime number?
False
Is 257419 composite?
True
Is 5683 prime?
True
Is 163329 a composite number?
True
Is 2579 a prime number?
True
Is 843 prime?
False
Is 923687 a prime number?
True
Is 28961 prime?
True
Is 157103 a composite number?
False
Is 110021 a prime number?
False
Is 52909 a composite number?
True
Is 356501 prime?
True
Is 13042 a composite number?
True
Is 3841 composite?
True
Is 36293 a composite number?
False
Is 78266 composite?
True
Is 43226 a composite number?
True
Is 82387 a prime number?
True
Is 645698 prime?
False
Is 1973 a prime number?
True
Is 15347 a prime number?
False
Is 107573 a composite number?
True
Is 3310447 a composite number?
True
Is 8027 a prime number?
False
Is 504741 a prime number?
False
Is 714199 prime?
True
Is 6449 a composite number?
False
Is 74131 composite?
False
Is 34027 a composite number?
True
Is 38297 prime?
False
Is 62438 a composite number?
True
Is 235849 composite?
False
Is 6947 prime?
True
Is 243037 a composite number?
True
Is 385153 prime?
True
Is 701 a composite number?
False
Is 973157 a prime number?
False
Is 11257 a prime number?
True
Is 2987 composite?
True
Is 6047 a prime number?
True
Is 39874 a prime number?
False
Is 17129 a composite number?
True
Is 15053 a composite number?
False
Is 112459 prime?
True
Is 1740007 composite?
True
Is 53297 prime?
False
Is 59599 a composite number?
True
Is 2099 prime?
True
Is 197653 a composite number?
True
Is 18371 prime?
True
Is 2482411 prime?
True
Is 2291 prime?
False
Is 12227 composite?
False
Is 7283 composite?
False
Is 5639 a prime number?
True
Is 135631 a composite number?
True
Is 1151 composite?
False
Is 2819 a composite number?
False
Is 374515 prime?
False
Is 23969 composite?
True
Is 264781 prime?
False
Is 111597 a composite number?
True
Is 681143 a composite number?
True
Is 1481 a prime number?
True
Is 115015 a prime number?
False
Is 1517 composite?
True
Is 12197 prime?
True
Is 3137 a composite number?
False
Is 82081 a prime number?
False
Is 397421 composite?
True
Is 56743 prime?
False
Is 227837 a composite number?
True
Is 469747 prime?
True
Is 45439 a prime number?
True
Is 19297 a prime number?
False
Is 1655 a composite number?
True
Is 3841 a prime number?
False
Is 2561842 a prime number?
False
Is 955011 a composite number?
True
Is 4106 a composite number?
True
Is 55763 composite?
False
Is 70491 a composite number?
True
Is 17707 composite?
False
Is 72881 a composite number?
True
Is 154409 a prime number?
True
Is 15699 prime?
False
Is 313471 composite?
False
Is 8903 prime?
False
Is 169255 a composite number?
True
Is 146954 a prime number?
False
Is 72737 composite?
True
Is 3943 a prime number?
True
Is 122069 a composite number?
False
Is 18461 composite?
False
Is 35437 composite?
False
Is 32663 a prime number?
False
Is 9965 a prime number?
False
Is 6077 a prime number?
False
Is 44449 prime?
True
Is 12097 a composite number?
False
Is 18947 a composite number?
False
Is 38417 a composite number?
True
Is 709 prime?
True
Is 14051 a prime number?
True
Is 767 a composite number?
True
Is 2719 prime?
True
Is 101903 prime?
False
Is 96353 a composite number?
False
Is 12373 prime?
True
Is 927271 composite?
True
Is 3013 prime?
False
Is 248059 prime?
False
Is 15727 a prime number?
True
Is 2487 composite?
True
Is 57337 a composite number?
True
Is 331 a composite number?
False
Is 15441 prime?
False
Is 264283 a composite number?
False
Is 1535 composite?
True
Is 208381 a prime number?
False
Is 9127 a composite number?
False
Is 35463 a prime number?
False
Is 197057 composite?
True
Is 804803 composite?
False
Is 6731 composite?
True
Is 1177 composite?
True
Is 74379 a composite number?
True
Is 70985 a composite number?
True
Is 82157 a prime number?
False
Is 224641 prime?
False
Is 738707 a prime number?
True
Is 39293 composite?
False
Is 1249 composite?
False
Is 11722 a composite number?
True
Is 12659 a composite number?
False
Is 1987 prime?
True
Is 48703 a composite number?
True
Is 16943 prime?
True
Is 673063 composite?
False
Is 113343 a composite number?
True
Is 4105969 a composite number?
True
Is 205693 prime?
False
Is 169133 a composite number?
True
Is 815 a prime number?
False
Is 273647 composite?
True
Is 30829 a prime number?
True
Is 19373 prime?
True
Is 143011 composite?
True
Is 666683 a prime number?
True
Is 84913 a prime number?
True
Is 163 prime?
True
Is 154331 a composite number?
True
Is 19997 prime?
True
Is 580471 composite?
False
Is 3845 a composite number?
True
Is 1673746 composite?
True
Is 481787 composite?
False
Is 656651 a composite number?
False
Is 24243 composite?
True
Is 246143 prime?
False
Is 22613 a composite number?
False
Is 7631 a prime number?
False
Is 3733 prime?
True
Is 8947 composite?
True
Is 43495 a prime number?
False
Is 89653 prime?
True
Is 342521 a prime number?
True
Is 11513 a prime number?
False
Is 54083 a prime number?
True
Is 1250537 composite?
True
Is 756127 a prime number?
True
Is 17567 prime?
False
Is 24935 a composite number?
True
Is 243913 a composite number?
True
Is 625227 a composite number?
True
Is 77761 a composite number?
False
Is 41917 prime?
False
Is 1927 prime?
False
Is 7063 prime?
False
Is 101345 a composite number?
True
Is 967985 a prime number?
False
Is 4